e b(h).
-14
Suppose 0 = -2*t + 3*j - 1, -3*t - 2 = -5*j - 0. Let k = 4 + t. Let c(n) be the second derivative of n**5/20 - n**4/4 - n**3 - 5*n**2/2 - n + 634. Give c(k).
15
Let q(t) = t + 14. Let x(b) = 22*b**2 - 6*b + 4. Let g be x(2). Let u = -20 + g. Suppose -5*v - u = -0. Calculate q(v).
2
Let y(b) be the second derivative of -b**6/360 + 11*b**5/60 - 17*b**4/12 - 5*b**2/2 - 147*b. Let a(n) be the third derivative of y(n). What is a(11)?
0
Let f(n) be the second derivative of -n**2 - 2 + 1/6*n**3 - 14*n. Give f(0).
-2
Let y(i) be the third derivative of -12*i**2 + 1/2*i**3 + 0*i - 1/60*i**5 + 0 - 1/8*i**4. Determine y(-3).
3
Let s(f) be the second derivative of -9*f**5/4 - f**4/4 + f**3/3 + 2*f + 677. What is s(1)?
-46
Let z = -17 - -25. Let s(b) be the first derivative of -2*b**2 + 2*b + 8972. Calculate s(z).
-30
Let b(i) = 3*i - 3 - 2 + 3 + 4. Let w = -4843 + 4838. What is b(w)?
-13
Suppose -257 = 4*j - 4*n - 357, 2*n = 5*j - 116. Let s(l) = -l**2 + 23*l + 9. What is s(j)?
31
Let p be (-8)/(-80) - (3/20)/((-84)/(-8456)). Let t(y) = -y**3 - 14*y**2 + 17*y + 18. Calculate t(p).
-12
Let t = 8463 + -8475. Let c(k) = k**2 + 11*k - 5 + 0*k**2 - 2. Give c(t).
5
Suppose 4*d = 8*d + 56. Let l be 22/5 + d/35. Let q(v) = 2*v + 195 - 392 + 194. What is q(l)?
5
Let n(x) be the second derivative of x**3/3 + 7*x + 39. Suppose -p - 5 = -2*p. Suppose -4*c = p*j - 32, 3*j = -2*c + 6*j - 6. What is n(c)?
6
Let o(k) = -6*k**2 + 3*k + 2. Suppose 4*b - 20 = 4. Let l(i) = -7*i**2 + 3*i + 3. Let c(f) = b*o(f) - 5*l(f). Let u be (-6)/9 + 44/12. Calculate c(u).
-3
Let a(u) = -u**2 + u + 3. Let k(q) = 2*q**2 - 4. Let d(b) = a(b) + k(b). Let l(m) = 3*m**2 - 4*m + 5. Let p = 0 - -5. Let z(t) = p*d(t) + l(t). Give z(-1).
7
Let z(q) be the second derivative of -q**7/2520 - q**6/360 + q**5/60 - q**4/6 - 10*q - 2. Let f(p) be the third derivative of z(p). What is f(-5)?
-13
Let p(u) be the first derivative of -u**4/4 + 2*u**3/3 + u**2/2 + 7*u + 819. What is p(-3)?
49
Let v(a) = -a**3 - 7*a**2 - 6*a + 7. Let c(b) = -b**3 - 38*b**2 - 73*b - 41. Let w = -100 - -64. Let l be c(w). What is v(l)?
-13
Let v(f) = 89*f + 449. Let d be v(-5). Let p(c) be the first derivative of c + 7/3*c**3 + 1/2*c**2 - 3 + 1/4*c**d. Give p(-7).
-6
Let c(x) be the third derivative of -x**6/60 - 22*x**5/15 - 43*x**4/12 - 2*x**3/3 + 7*x**2 + 2*x - 50. Calculate c(-43).
-4
Let b(p) = -p + 20. Let r be b(0). Let w = -119 - -92. Let c = r + w. Let m(j) = -j**2 - 6*j + 10. What is m(c)?
3
Let j(o) = -20 + o - 10*o**2 + 8 + o**3 + 0*o**3 - 9*o**2. Let s be j(19). Let d(q) = q**2 - 10*q + 6. Determine d(s).
-15
Let m(l) = l**3 - l**2 - l - 3. Let q(h) = -2*h**3 + 4*h**2 + 10. Let c(u) = -3*m(u) - q(u). Give c(3).
-28
Let x(j) = 33*j - 37. Let k(i) = 21*i - 24. Suppose 21*n + 94 = -11. Let s(c) = n*x(c) + 8*k(c). Determine s(3).
2
Let q(x) be the first derivative of -x**4/4 + x**2 + x + 938. What is q(-1)?
0
Let r(i) = -1886 + 64*i + 2861 - 1493. Calculate r(8).
-6
Let r(t) = 12*t - 1. Let f be 0 + (-3)/4 - (-115)/20. Suppose 0 = 5*q - k - 6, 0*q + 12 = -4*q + f*k. Give r(q).
23
Let m(u) = -3*u**2 + 24*u - 2. Suppose 79*q - 25*q + 65*q = 952. Determine m(q).
-2
Suppose -16 = -5*j + 3*j. Let f(k) be the first derivative of k**3/3 - 4*k**2 + k - 7. Let c be f(j). Let d(a) = -a**3 + a - 1. Give d(c).
-1
Let o be 22/(2 + 0 + 2 - 2). Let r be (-2)/(-8) + o/4. Suppose 4*w = -r*j + 15, 4*w + j - 16 = -3*j. Let d(n) = n**3 - 4*n**2 + 2*n - 4. What is d(w)?
-7
Let l(f) = 545*f**3 + 5*f**2 - 2 + 4*f + 5 + 624*f**3 - 1168*f**3. Let i = 7 + -12. Determine l(i).
-17
Let g = -1060 + 1065. Let r(o) = -8*o**3 - 2*o**2 - 10*o - 4. Let p(t) = 7*t**3 + t**2 + 9*t + 3. Let w(m) = -7*p(m) - 6*r(m). What is w(g)?
-12
Let o(d) = -3*d + 5. Let h be o(5). Let b(z) = 32*z + 27*z - 101*z + 5 + 19*z + 25*z. Give b(h).
-15
Let s(f) be the third derivative of f**6/120 + 7*f**5/10 + 7*f**4/24 + 289*f**3/6 - 3*f**2 + f + 391. Give s(-42).
-5
Let q(c) = 237*c + 518. Let g(x) = -128*x - 260. Let p(d) = 11*g(d) + 6*q(d). Determine p(-18).
-4
Let y be -754*3/10 + (-3)/(-15). Let t = y - -224. Let z(c) = 3*c**2 + 3*c + 3. Determine z(t).
9
Let b be (-15)/(-5) - (-42)/((-35)/5). Let w(y) = -13 + 4*y - 2*y**2 + 16 - y**2 - 8*y + 0*y**2. Calculate w(b).
-12
Suppose 18*x = 1685 + 637. Suppose -x = 2*w - 115. Let z(s) = 4*s + 5. Let j(i) = 13*i + 14. Let g(q) = 2*j(q) - 7*z(q). Determine g(w).
7
Suppose -3 = -12*p + 57. Let y(r) = -19*r**2 - 9*r + 19. Let n(h) = -4*h**2 + 1. Let w(d) = p*n(d) - y(d). Determine w(4).
6
Let f(d) = -d**3 + 6*d**2 - 4*d + 3. Suppose -32*q - 1282 = -418. Let g = q + 33. What is f(g)?
-21
Let i(x) = -3*x**2 - 15*x + 20. Let k be i(-6). Suppose k*u - 14 = 2*a, 2*a - 7*a - 4*u = 17. Let t(y) = -y**3 - 6*y**2 - y - 4. Calculate t(a).
-24
Let n(v) = 11*v**3 + 67*v**2 + 15*v + 4. Let s(b) = 40*b**3 + 245*b**2 + 56*b + 16. Let o(m) = -11*n(m) + 3*s(m). Let u be 2/4 - 3/6. Determine o(u).
4
Let h(v) be the third derivative of v**4/8 + 5*v**3/6 + 13*v**2. Let c(t) = 2*t**3 + t**2 + 2*t - 4. Let k be c(0). What is h(k)?
-7
Let z(h) = -8*h + 7. Suppose 0 = 211*c - 205*c - 12. Calculate z(c).
-9
Let m(a) = -5*a**3 + 15*a**2 - 10*a + 17. Let o(p) = -3*p**3 + 9*p**2 - 7*p + 11. Let t(j) = 5*m(j) - 8*o(j). What is t(5)?
-23
Let v(l) = -58*l**3 + l**2. Let x = -2745 - -2744. What is v(x)?
59
Let f be (-5)/(70/48) + (364/49 - 7). Let s(l) = l**3 - l**2 + 2*l - 4. Give s(f).
-46
Let s(i) = 10 + 0*i**2 - 6*i + 7 - 12 + i**2. Let k(p) = -16*p + 150. Let z be k(9). Calculate s(z).
5
Let a(z) be the first derivative of -13*z**4/2 - z**3/3 + z**2 - z + 48860. Suppose 5*w - 3 = 2. Determine a(w).
-26
Let i be 6/(-13) - 22263/(-2353). Let k(c) = -c**2 + 6*c + 12. Let n(r) = r**2 - 6*r - 12. Let m(d) = 5*k(d) + 6*n(d). What is m(i)?
15
Suppose 3*s + 4*v - 18 = 0, v + 12 = 5*s - 18. Let y(q) = -167*q**2 - 9*q + 3. Let b(m) = -779*m**2 - 44*m + 15. Let i(c) = 3*b(c) - 14*y(c). Calculate i(s).
3
Let k(l) = 7*l - 788. Let o be k(112). Let u(j) = j**2 + 7*j + 7. Determine u(o).
-5
Let r(m) be the first derivative of 17 + m - m**2 + 38/3*m**3. What is r(1)?
37
Let z(d) be the second derivative of 5*d**3/3 + d**2/2 + 9452*d. Let w = 1 + -2. Give z(w).
-9
Let j be ((1 + -2)*-1)/((-198)/594). Let w(z) = 3*z**3 - 3 + z**2 - 2*z**3 + 4 + 0*z**3. Give w(j).
-17
Let r be ((-24)/18)/(11/(-33)). Let u(h) = -18*h + 18. What is u(r)?
-54
Let l(u) be the first derivative of -3/2*u**2 + u - 8/3*u**3 - 57. Determine l(2).
-37
Let t(y) = y**3 - y + 9. Let u be (5/20 + -1)*-8. Let w(v) = v**3 - v + 8. Let s(n) = u*t(n) - 7*w(n). Let c be (-2)/(-6)*4*(-6)/4. What is s(c)?
4
Let n(c) = c**3 - 7*c**2 - c - 3. Suppose 420 = 16*a + 12*a. Suppose -18*b + a = -111. Determine n(b).
-10
Let k(h) be the first derivative of 3*h**7/280 - h**4/24 - 54*h**3 - 22. Let b(m) be the third derivative of k(m). Give b(-1).
-10
Suppose 24 = 5*u - 6. Suppose 127 = 4*z + 119. Let h(l) = -7*l**z + 5*l - 20*l + 0*l**2 + 21*l + 3 + l**3. Give h(u).
3
Let u(q) be the first derivative of -114 - 5/2*q**2 - 5*q - 1/3*q**3. Give u(-6).
-11
Suppose -30*q + 2374 = -3*f - 29*q, f + 786 = -5*q. Let j = f + 796. Let l(c) be the second derivative of -c**5/20 + c**4/2 - c**3/3 - c**2 - c. What is l(j)?
13
Let r(a) = 0*a**3 - 6 - a**3 - 2*a + 3*a**2 + a**2. Suppose -1014*j = 797*j - 5433. Give r(j).
-3
Let m(d) = 4*d + 15. Let j(b) = -3*b - 12. Let h = 624 + -618. Let t(k) = h*j(k) + 5*m(k). Give t(-8).
-13
Let t(i) be the third derivative of 3/2*i**3 - 2/15*i**5 - 1/120*i**6 + 7*i**2 + 5 + 1/24*i**4 + 0*i. Calculate t(-8).
1
Let w(x) be the first derivative of x**3/3 + 4*x**2 - 2*x + 1233. Give w(-6).
-14
Let t(z) = -2*z**3 + 2*z**2 - 2*z - 2. Let s be t(-2). Let p(b) = -33*b**3 - 2*b**2 - 3*b**2 + 1 + s*b**3 + 3*b**2. Let k = -32 + 31. What is p(k)?
6
Let w(g) = g**3 + 13*g**2 + 22*g + 6. Suppose -15*s - 80*s - 1045 = 0. Determine w(s).
6
Let i(o) = -o**2 - 5. Suppose -132 + 662 = 5*u. Let t = 5349 + -5245. Suppose t*z = u*z. Determine i(z).
-5
Let j be (-4)/3*(-12)/(-8)*-23. Let d(f) = 2*f + 1. Let m be d(3). Let i(y) = j*y - 23*y - m - 24*y. Calculate i(-3).
-4
Let n(a) = 5*a**2 - a + 6*a**2 - 3*a**2 - a**2. Suppose -q - 60 = 4*j, -j - 5 = 4*q + 10. Let c be j/(-9) + (-7)/((-84)/(-8)). Calculate 